 the prime factors of 418737.
3, 11, 12689
List the prime factors of 395.
5, 79
What are the prime factors of 256250?
2, 5, 41
What are the prime factors of 233054?
2, 19, 6133
What are the prime factors of 6176519?
131, 47149
What are the prime factors of 15345835?
5, 3069167
List the prime factors of 3173982.
2, 3, 7, 75571
List the prime factors of 1691300.
2, 5, 13, 1301
What are the prime factors of 14326455?
3, 5, 11, 13, 6679
List the prime factors of 310100.
2, 5, 7, 443
What are the prime factors of 1315689?
3, 181, 2423
What are the prime factors of 17466?
2, 3, 41, 71
What are the prime factors of 259101?
3, 28789
List the prime factors of 595061.
19, 31319
What are the prime factors of 3882637?
11, 409, 863
What are the prime factors of 113133?
3, 43, 877
List the prime factors of 5038908.
2, 3, 7, 223, 269
List the prime factors of 4196917.
4196917
What are the prime factors of 3107146?
2, 7, 19, 11681
What are the prime factors of 3021977?
7, 61673
List the prime factors of 2644428.
2, 3, 220369
List the prime factors of 2377257.
3, 23, 131, 263
What are the prime factors of 3185806?
2, 13, 19, 6449
List the prime factors of 13643204.
2, 3410801
List the prime factors of 1082125.
5, 11, 787
List the prime factors of 341605.
5, 11, 6211
What are the prime factors of 369293?
369293
List the prime factors of 520591.
17, 113, 271
List the prime factors of 22752864.
2, 3, 199, 397
What are the prime factors of 132907?
29, 4583
List the prime factors of 314749.
449, 701
List the prime factors of 1896781.
1896781
List the prime factors of 667942.
2, 11, 97, 313
List the prime factors of 15806805.
3, 5, 7, 47, 3203
What are the prime factors of 3458350?
2, 5, 7, 41, 241
What are the prime factors of 1816014?
2, 3, 293, 1033
What are the prime factors of 172400?
2, 5, 431
What are the prime factors of 129416?
2, 7, 2311
List the prime factors of 367078.
2, 53, 3463
List the prime factors of 722849.
722849
What are the prime factors of 266427?
3, 7, 4229
What are the prime factors of 1568577?
3, 23, 127, 179
List the prime factors of 977811.
3, 397, 821
List the prime factors of 681283.
19, 23, 1559
List the prime factors of 22427610.
2, 3, 5, 747587
What are the prime factors of 372164?
2, 13, 17, 421
What are the prime factors of 41122?
2, 29, 709
List the prime factors of 728983.
599, 1217
What are the prime factors of 709857?
3, 61, 431
List the prime factors of 10930798.
2, 2239, 2441
List the prime factors of 3460824.
2, 3, 71, 677
List the prime factors of 128837.
128837
What are the prime factors of 3024390?
2, 3, 5, 73, 1381
List the prime factors of 1253843.
1051, 1193
List the prime factors of 5704.
2, 23, 31
List the prime factors of 3404537.
3404537
What are the prime factors of 17130480?
2, 3, 5, 137, 521
What are the prime factors of 5979271?
5979271
What are the prime factors of 19853461?
19, 167, 6257
List the prime factors of 12565232.
2, 19, 41333
List the prime factors of 1968979.
1968979
List the prime factors of 174644.
2, 43661
List the prime factors of 1892808.
2, 3, 23, 127
List the prime factors of 2817577.
7, 402511
List the prime factors of 36160852.
2, 7, 13, 41, 2423
List the prime factors of 229399.
229399
List the prime factors of 15169753.
15169753
What are the prime factors of 194655?
3, 5, 19, 683
What are the prime factors of 128023?
7, 18289
List the prime factors of 3315616.
2, 103613
What are the prime factors of 44695?
5, 7, 1277
What are the prime factors of 2980748?
2, 745187
What are the prime factors of 17002733?
11, 1545703
List the prime factors of 3726900.
2, 3, 5, 41, 101
List the prime factors of 117981.
3, 13109
What are the prime factors of 579148?
2, 67, 2161
List the prime factors of 267825.
3, 5, 3571
List the prime factors of 28213263.
3, 13, 293, 823
List the prime factors of 1999270.
2, 5, 7, 13
List the prime factors of 789086.
2, 41, 9623
List the prime factors of 12454207.
1663, 7489
What are the prime factors of 882698?
2, 441349
What are the prime factors of 13886096?
2, 7, 123983
What are the prime factors of 5951438?
2, 29, 102611
What are the prime factors of 11441633?
7, 47, 83, 419
What are the prime factors of 3139166?
2, 107, 14669
What are the prime factors of 8453003?
13, 691, 941
List the prime factors of 170145.
3, 5, 19, 199
List the prime factors of 1247610.
2, 3, 5, 7, 13, 457
List the prime factors of 54817.
7, 41, 191
What are the prime factors of 29233790?
2, 5, 2923379
List the prime factors of 1202647.
23, 52289
List the prime factors of 891467.
31, 149, 193
What are the prime factors of 3278837?
3278837
What are the prime factors of 272466?
2, 3, 15137
List the prime factors of 89284.
2, 13, 17, 101
What are the prime factors of 3955810?
2, 5, 395581
What are the prime factors of 102823?
7, 37, 397
What are the prime factors of 374630?
2, 5, 37463
What are the prime factors of 572585?
5, 13, 23, 383
List the prime factors of 14291079.
3, 11, 53, 8171
What are the prime factors of 1308137?
1308137
List the prime factors of 4792274.
2, 2396137
List the prime factors of 2828771.
11, 257161
List the prime factors of 226268.
2, 7, 8081
What are the prime factors of 9457037?
9457037
List the prime factors of 549433.
197, 2789
List the prime factors of 671023.
19, 35317
List the prime factors of 1956261.
3, 652087
What are the prime factors of 957799?
929, 1031
What are the prime factors of 5226149?
1997, 2617
What are the prime factors of 2536645?
5, 507329
What are the prime factors of 168446?
2, 84223
List the prime factors of 8617627.
8617627
What are the prime factors of 3094327?
31, 99817
List the prime factors of 11663083.
1151, 10133
List the prime factors of 300775.
5, 53, 227
What are the prime factors of 11827427?
17, 53, 13127
List the prime factors of 1174396.
2, 293599
List the prime factors of 2729310.
2, 3, 5, 90977
What are the prime factors of 217910?
2, 5, 7, 11, 283
What are the prime factors of 2649685?
5, 199, 2663
List the prime factors of 22739.
22739
What are the prime factors of 10646801?
11, 103, 9397
What are the prime factors of 695356?
2, 173839
What are the prime factors of 2501775?
3, 5, 11119
What are the prime factors of 33932492?
2, 11, 653, 1181
What are the prime factors of 3336748?
2, 23, 36269
What are the prime factors of 145888?
2, 47, 97
List the prime factors of 9514012.
2, 107, 22229
What are the prime factors of 169016?
2, 37, 571
List the prime factors of 310185.
3, 5, 61, 113
What are the prime factors of 477061?
13, 36697
List the prime factors of 780754.
2, 13, 30029
List the prime factors of 4047794.
2, 31, 65287
What are the prime factors of 7635614?
2, 7, 61, 8941
List the prime factors of 555793.
7, 79399
List the prime factors of 436895.
5, 59, 1481
What are the prime factors of 8432195?
5, 1686439
List the prime factors of 23517295.
5, 109, 43151
List the prime factors of 1087024.
2, 67939
List the prime factors of 5312118.
2, 3, 7, 79, 1601
What are the prime factors of 139105?
5, 43, 647
What are the prime factors of 160924?
2, 40231
What are the prime factors of 4467201?
3, 1489067
What are the prime factors of 2394235?
5, 103, 4649
List the prime factors of 2722578.
2, 3, 29, 15647
List the prime factors of 5380926.
2, 3, 103, 8707
What are the prime factors of 1269947?
7, 181421
List the prime factors of 652860.
2, 3, 5, 13, 31
List the prime factors of 1404992.
2, 29, 757
What are the prime factors of 7038535?
5, 7, 201101
What are the prime factors of 9360?
2, 3, 5, 13
List the prime factors of 511209.
3, 79, 719
What are the prime factors of 411697?
11, 13, 2879
List the prime factors of 902223.
3, 7, 14321
What are the prime factors of 11128?
2, 13, 107
List the prime factors of 82292.
2, 7, 2939
List the prime factors of 337508.
2, 84377
What are the prime factors of 33218327?
19, 1748333
List the prime factors of 459566.
2, 47, 4889
What are the prime factors of 9486?
2, 3, 17, 31
What are the prime factors of 6525485?
5, 1305097
List the prime factors of 2704734.
2, 3, 17, 8839
What are the prime factors of 425880?
2, 3, 5, 7, 13
What are the prime factors of 121326?
2, 3, 73, 277
List the prime factors of 835551.
3, 263, 353
List the prime factors of 606769.
271, 2239
What are the prime factors